 7*w. Calculate the remainder when w is divided by g.
28
Suppose f + t - 1222 = 0, -5 = 4*t - 21. What is the remainder when f is divided by 404?
6
Let a = -247 - -422. Suppose -a = -2*d + 41. Let y = 53 + 2. What is the remainder when d is divided by y?
53
Let y(t) = 37*t + 270. What is the remainder when 326 is divided by y(-6)?
38
Let k = 63 - 54. Let q(b) = -664*b - 648. What is the remainder when q(-1) is divided by k?
7
Suppose h + 6*b - b = 82, h - b - 112 = 0. Suppose 0 = -103*l + h*l - 640. Calculate the remainder when l is divided by 82.
78
Suppose -t = -38 - 8. Let r(j) = 3*j + 6*j + 43 - 75 + 47 + 76 - j**3 - j**2. Calculate the remainder when r(0) is divided by t.
45
Let m = 28 + 11. Let q = m + 87. Calculate the remainder when 2*3/(-2) + q is divided by 18.
15
Let x(f) = 4*f + 123. Let d be x(-25). What is the remainder when 28 is divided by d + (-1 - 20/5)?
10
What is the remainder when 301 is divided by (-256)/(-5)*(-55)/20*10/(-11)?
45
Let c(f) = -f**3 + 9*f**2 + 57*f - 369. What is the remainder when 1054 is divided by c(11)?
14
Suppose 3*x - 88 = -d, -d + 5 = -2*d. Let o = 24 + -33. Calculate the remainder when x is divided by (-6)/o - (-5)/((-30)/(-104)).
13
Let x(o) = 37*o**3 - o**2 - o + 2. Let z(y) = -5*y**3 + y**2 + 4*y + 6. Let k be z(-3). Let l = k + -137. Calculate the remainder when x(l) is divided by 5.
2
Calculate the remainder when 752 is divided by ((-20)/(-14))/(((-6625)/(-1050))/53).
8
Let a = 183 - 637. Let p = a - -678. Suppose -2*h + 156 = t, h = -2*h + t + p. What is the remainder when h is divided by 13?
11
Let v be (-5)/(-1 - -16)*6. Let w(z) = 3*z**2 - z + 7. Let j be w(0). Let k = j - v. Calculate the remainder when 15 is divided by k.
6
Let d = -109 - -92. Calculate the remainder when (5/4)/(d/(-476)) is divided by 18.
17
Suppose 4*h + x + 124 = 168, -33 = -3*h + 5*x. What is the remainder when 300 is divided by h?
3
Let b(d) = d**3 + 7*d**2 + 2*d - 27. What is the remainder when 2741 is divided by b(-5)?
11
Suppose 21*f - 176 = -29. Let g(v) = v**3 - 5*v**2 - 4*v + 19. Calculate the remainder when g(f) is divided by 10.
9
Let f(p) = -21*p + p**2 + 14 + 4 + 58 + 79. Calculate the remainder when f(15) is divided by 14.
9
Let f(l) = 15*l + l + 2*l - 41. Suppose 1254*s = 1258*s - 32. Calculate the remainder when f(s) is divided by 21.
19
Suppose 0 = -6*x + 9*x + l - 2466, x - 809 = 4*l. What is the remainder when x is divided by 158?
31
Let s be (15/(50/(-10)))/(1 - 4). Let h(l) = 110*l**3 + 4*l - 3. Calculate the remainder when h(s) is divided by 38.
35
Calculate the remainder when (297/45 - 3)/((-2)/(-1860)) is divided by 25.
23
Let c = -2569 - -2557. Let h(p) = -5*p**2 + 10 + 4*p**2 + p - 15*p. Calculate the remainder when h(c) is divided by 18.
16
Suppose 2*f = -s + 16, 4*s - 19 + 85 = 5*f. Suppose f*a + 3*g - 1391 = 6*a, 0 = -a + 5*g + 342. Calculate the remainder when a is divided by 16.
11
Let p(h) be the third derivative of -h**5/60 - 25*h**4/24 + 17*h**3/6 + 102*h**2. Calculate the remainder when p(-16) is divided by 42.
35
Suppose -17*r + 15*r + 529 = w, w = 2*r - 515. What is the remainder when r is divided by 70?
51
Let l be ((-4)/(-6))/(4/12). Suppose -6*i + 79 = w - l*i, 5*w - 395 = 4*i. What is the remainder when w is divided by 17?
11
Suppose -19*n - 4 = -20*n. Let a(f) = -f**2 - 15*f. Let k be a(-15). Let t(q) = q**2 + 3*q + 5. Calculate the remainder when t(k) is divided by n.
1
Let t(s) = 12*s + 1024. Calculate the remainder when t(16) is divided by 401.
13
Suppose -995 - 823 = -9*c - 189. Calculate the remainder when 13392 is divided by c.
179
Suppose 20*b = 6*b + 2898. Let q = 63 + -20. Calculate the remainder when b is divided by q.
35
Suppose -8*z = -20*z + 15*z. Suppose 2*j = 3*y - 34, -y + z*j - 3*j - 7 = 0. Calculate the remainder when 110 is divided by y.
6
Let f be (-772)/5 - (-14)/35. Let q = f - -263. Calculate the remainder when q is divided by 30.
19
Let h be ((-133)/(-38))/((-4)/(-16)). What is the remainder when 57 is divided by -10*(-3)/21*h?
17
Suppose -r + 91 + 61 = -d, 603 = 4*r - 3*d. Calculate the remainder when 505 is divided by r.
64
Let l(v) = 101*v + 54. Let k(o) = o**3 + 14*o**2 - 11*o + 9. What is the remainder when k(-12) is divided by l(0)?
51
Suppose 5*a - o = 808, 22*o - 19*o = -9. Calculate the remainder when 969 is divided by a.
3
Let g = -12 + 51. Let q be ((-19)/(-38))/(3/2442). Suppose -22*v + q = 99. Calculate the remainder when g is divided by v.
11
Let j(r) = -237*r**2 - r + 2. Let i be j(2). Let h = -599 - i. What is the remainder when h is divided by 44?
41
Suppose -5*s + 5 = 4*p, p + 5*s = 20 - 0. What is the remainder when 368 is divided by 350/5 - (3 - p)?
58
Suppose z - 39 = 4*y, 3*z = -0*z + y + 106. What is the remainder when 39/(204/(-2210)*5/(-2)) is divided by z?
29
Let n = 178 - 82. Let a(s) = -66*s**2 - 1061*s - 38. What is the remainder when n is divided by a(-16)?
12
Let z = -2939 - -3088. What is the remainder when 457 is divided by z?
10
Let c be (-5)/(45/(-3))*183. Let p = 85 + c. Suppose -4*i + p = -2*b, 2*i - 40 = 4*b + 36. Calculate the remainder when i is divided by 19.
17
Suppose -19*b + 140629 = -11355 + 24532. Calculate the remainder when b is divided by 37.
11
Let f(r) = 13*r + 135. Let v be f(-10). Let t(u) = 214*u - 64. Calculate the remainder when t(v) is divided by 84.
82
Let z(k) be the third derivative of k**6/120 + 7*k**5/60 + k**4/6 - k**3/3 - 6*k**2. Let g(b) = b + 6. Calculate the remainder when z(-6) is divided by g(1).
3
Let l = 246 - 237. What is the remainder when 6/l - (935/(-15) - 2) is divided by 18?
11
Let d = -29 + 43. Suppose -2*s + 17 = 7. Suppose 4*m - 47 - 62 = -3*n, -n - s*m = -29. What is the remainder when n is divided by d?
11
Suppose 53*x - 18 = 59*x. What is the remainder when (2 - x/(-2))*6*7 is divided by 19?
2
Let t(k) = k**3 - 37*k**2 + 2*k + 26. Suppose -15 = -12*g + 7*g, -5*g = -4*i + 133. Calculate the remainder when t(i) is divided by 53.
47
Suppose 37*u = 33*u - 16. What is the remainder when ((-156)/(-117))/(u/(-1830)) is divided by 17?
15
Let d(q) be the first derivative of -q**4/4 - 4*q**3/3 + 6*q**2 - 2*q - 13. Let z be d(-5). Let i = -22 - z. Calculate the remainder when 59 is divided by i.
14
Suppose -2*o = -4*i + 34, 2 = i + 5*o + 21. Suppose 3*d + 3 = i. Suppose -r - 4*f = 7, -2*r + 4*f - d = -47. Calculate the remainder when 50 is divided by r.
11
Suppose 0 = 7395*g - 7390*g - 20. Calculate the remainder when 18 is divided by g.
2
Suppose 2*w - 3*f - 3 = -w, 5*w = -4*f + 23. Suppose -w*m - m = -1912. Let b = -316 + m. What is the remainder when b is divided by 33?
30
Suppose -5*x = -4*w + 335 + 2840, -3*x + 2388 = 3*w. What is the remainder when 2393 is divided by w?
8
Suppose 0 = 3*h + 5*l - 58, 2*h = 34*l - 39*l + 37. Calculate the remainder when 7579 is divided by h.
19
Let h(l) = 96*l + 36. Suppose 3*d + 45 - 48 = 0. What is the remainder when h(d) is divided by 15?
12
Suppose s = 4*u - 1140, 7*u + 0*s - 1980 = -2*s. Calculate the remainder when 565 is divided by u.
281
Suppose 0 = -j - 2*s + 3, -5*j = -4*s - 5 - 10. Suppose -l = -5, 4*z - 4*l = -j*l + 239. Calculate the remainder when z + (9/(-27))/(1/3) is divided by 16.
12
Suppose -589 = -s + 6*t - 7*t, -1186 = -2*s + 2*t. Suppose 0 = 26*f - s - 293. What is the remainder when 62 is divided by f?
28
Suppose 48*k - 15 = 45*k. Suppose -k*p + 77 = 2*n, p - 55 = 5*n - 180. Calculate the remainder when n is divided by 16.
10
Suppose -4*q - 162 = 5*a + 421, 4*a + 12 = 0. Let u = -101 - q. Let n(k) = -k + 17. What is the remainder when u is divided by n(-5)?
19
What is the remainder when (2 - 5) + 20 + 46 is divided by 47/4 - 12/16?
8
Suppose -5*b + 3*t + 11 = 0, 11 = b - 2*b + 5*t. Suppose -341*c + 293*c + 487 = 439*c. What is the remainder when b is divided by c?
0
Suppose -6*b - 4*b + 40 = 0. Suppose 4*j - 5*o = 129, b*j = j - 4*o + 89. Calculate the remainder when j is divided by 11.
9
Let p = 215 - 28. Suppose -5*s - 5*u = -205, 14*s = 10*s + 4*u + 140. What is the remainder when p is divided by s?
35
Suppose m = 4*m - 2*r - 164, m = -r + 58. Let n = -1317 - -1483. Calculate the remainder when n is divided by m.
54
Let d(x) = -x**3 - 20*x**2 + 209*x - 75. Calculate the remainder when d(-28) is divided by 39.
33
Let 